{"id":3089,"date":"2023-08-15T09:40:35","date_gmt":"2023-08-15T15:40:35","guid":{"rendered":"https:\/\/ponchomoradofilms.com\/?page_id=3089"},"modified":"2023-08-15T16:30:34","modified_gmt":"2023-08-15T22:30:34","slug":"noticia-02","status":"publish","type":"page","link":"https:\/\/ponchomoradofilms.com\/index.php\/noticia-02\/","title":{"rendered":"Noticia 02"},"content":{"rendered":"\t\t<div data-elementor-type=\"wp-page\" data-elementor-id=\"3089\" class=\"elementor elementor-3089\">\n\t\t\t\t\t\t<section class=\"elementor-section elementor-top-section elementor-element elementor-element-619ounm elementor-section-height-min-height elementor-section-boxed elementor-section-height-default elementor-section-items-middle\" data-id=\"619ounm\" data-element_type=\"section\" data-e-type=\"section\" data-settings=\"{&quot;background_background&quot;:&quot;classic&quot;,&quot;shape_divider_bottom&quot;:&quot;opacity-fan&quot;}\">\n\t\t\t\t\t\t\t<div class=\"elementor-background-overlay\"><\/div>\n\t\t\t\t\t\t<div class=\"elementor-shape elementor-shape-bottom\" aria-hidden=\"true\" data-negative=\"false\">\n\t\t\t<svg xmlns=\"http:\/\/www.w3.org\/2000\/svg\" viewBox=\"0 0 283.5 19.6\" preserveAspectRatio=\"none\">\n\t<path class=\"elementor-shape-fill\" style=\"opacity:0.33\" d=\"M0 0L0 18.8 141.8 4.1 283.5 18.8 283.5 0z\"\/>\n\t<path class=\"elementor-shape-fill\" style=\"opacity:0.33\" d=\"M0 0L0 12.6 141.8 4 283.5 12.6 283.5 0z\"\/>\n\t<path class=\"elementor-shape-fill\" style=\"opacity:0.33\" d=\"M0 0L0 6.4 141.8 4 283.5 6.4 283.5 0z\"\/>\n\t<path class=\"elementor-shape-fill\" d=\"M0 0L0 1.2 141.8 4 283.5 1.2 283.5 0z\"\/>\n<\/svg>\t\t<\/div>\n\t\t\t\t\t<div class=\"elementor-container elementor-column-gap-default\">\n\t\t\t\t\t<div class=\"elementor-column elementor-col-100 elementor-top-column elementor-element elementor-element-be10890\" data-id=\"be10890\" data-element_type=\"column\" data-e-type=\"column\">\n\t\t\t<div class=\"elementor-widget-wrap elementor-element-populated\">\n\t\t\t\t\t\t<div class=\"elementor-element elementor-element-35a4ebd elementor-widget__width-initial elementor-widget elementor-widget-heading\" data-id=\"35a4ebd\" data-element_type=\"widget\" data-e-type=\"widget\" data-widget_type=\"heading.default\">\n\t\t\t\t<div class=\"elementor-widget-container\">\n\t\t\t\t\t<h2 class=\"elementor-heading-title elementor-size-default\">Premier del documental \"Carta Malva: Poniatowska y Dominicana Conversan\", en M\u00e9xico<\/h2>\t\t\t\t<\/div>\n\t\t\t\t<\/div>\n\t\t\t\t<div class=\"elementor-element elementor-element-b78c0f0 elementor-align-right elementor-widget__width-initial elementor-widget elementor-widget-button\" data-id=\"b78c0f0\" data-element_type=\"widget\" data-e-type=\"widget\" data-widget_type=\"button.default\">\n\t\t\t\t<div class=\"elementor-widget-container\">\n\t\t\t\t\t\t\t\t\t<div class=\"elementor-button-wrapper\">\n\t\t\t\t\t<a class=\"elementor-button elementor-button-link elementor-size-sm elementor-animation-shrink\" href=\"https:\/\/ponchomoradofilms.com\/\">\n\t\t\t\t\t\t<span class=\"elementor-button-content-wrapper\">\n\t\t\t\t\t\t\t\t\t<span class=\"elementor-button-text\">REGRESAR<\/span>\n\t\t\t\t\t<\/span>\n\t\t\t\t\t<\/a>\n\t\t\t\t<\/div>\n\t\t\t\t\t\t\t\t<\/div>\n\t\t\t\t<\/div>\n\t\t\t\t<div class=\"elementor-element elementor-element-b72a980 elementor-align-center elementor-widget__width-initial elementor-widget-mobile__width-initial elementor-widget elementor-widget-button\" data-id=\"b72a980\" data-element_type=\"widget\" data-e-type=\"widget\" data-widget_type=\"button.default\">\n\t\t\t\t<div class=\"elementor-widget-container\">\n\t\t\t\t\t\t\t\t\t<div class=\"elementor-button-wrapper\">\n\t\t\t\t\t<a class=\"elementor-button elementor-button-link elementor-size-sm elementor-animation-shrink\" href=\"https:\/\/ponchomoradofilms.com\/index.php\/noticia-03\/\">\n\t\t\t\t\t\t<span class=\"elementor-button-content-wrapper\">\n\t\t\t\t\t\t\t\t\t<span class=\"elementor-button-text\">Siguiente Noticia<\/span>\n\t\t\t\t\t<\/span>\n\t\t\t\t\t<\/a>\n\t\t\t\t<\/div>\n\t\t\t\t\t\t\t\t<\/div>\n\t\t\t\t<\/div>\n\t\t\t\t\t<\/div>\n\t\t<\/div>\n\t\t\t\t\t<\/div>\n\t\t<\/section>\n\t\t\t\t<section class=\"elementor-section elementor-top-section elementor-element elementor-element-7851713 elementor-section-full_width elementor-section-height-default elementor-section-height-default\" data-id=\"7851713\" data-element_type=\"section\" data-e-type=\"section\">\n\t\t\t\t\t\t<div class=\"elementor-container elementor-column-gap-default\">\n\t\t\t\t\t<div class=\"elementor-column elementor-col-50 elementor-top-column elementor-element elementor-element-0de40c6\" data-id=\"0de40c6\" data-element_type=\"column\" data-e-type=\"column\">\n\t\t\t<div class=\"elementor-widget-wrap elementor-element-populated\">\n\t\t\t\t\t\t<div class=\"elementor-element elementor-element-9107906 elementor-widget__width-initial elementor-widget elementor-widget-image\" data-id=\"9107906\" data-element_type=\"widget\" data-e-type=\"widget\" data-widget_type=\"image.default\">\n\t\t\t\t<div class=\"elementor-widget-container\">\n\t\t\t\t\t\t\t\t\t\t\t\t\t\t\t<img fetchpriority=\"high\" decoding=\"async\" width=\"2048\" height=\"1536\" src=\"https:\/\/ponchomoradofilms.com\/wp-content\/uploads\/2023\/07\/IMG_6479-2048x1536.jpg\" class=\"attachment-2048x2048 size-2048x2048 wp-image-2074\" alt=\"\" srcset=\"https:\/\/ponchomoradofilms.com\/wp-content\/uploads\/2023\/07\/IMG_6479-2048x1536.jpg 2048w, https:\/\/ponchomoradofilms.com\/wp-content\/uploads\/2023\/07\/IMG_6479-300x225.jpg 300w, https:\/\/ponchomoradofilms.com\/wp-content\/uploads\/2023\/07\/IMG_6479-1024x768.jpg 1024w, https:\/\/ponchomoradofilms.com\/wp-content\/uploads\/2023\/07\/IMG_6479-768x576.jpg 768w, https:\/\/ponchomoradofilms.com\/wp-content\/uploads\/2023\/07\/IMG_6479-1536x1152.jpg 1536w\" sizes=\"(max-width: 2048px) 100vw, 2048px\" \/>\t\t\t\t\t\t\t\t\t\t\t\t\t\t\t<\/div>\n\t\t\t\t<\/div>\n\t\t\t\t<div class=\"elementor-element elementor-element-812780b elementor-widget__width-initial elementor-widget elementor-widget-image\" data-id=\"812780b\" data-element_type=\"widget\" data-e-type=\"widget\" data-widget_type=\"image.default\">\n\t\t\t\t<div class=\"elementor-widget-container\">\n\t\t\t\t\t\t\t\t\t\t\t\t\t\t\t<img decoding=\"async\" width=\"1280\" height=\"960\" src=\"https:\/\/ponchomoradofilms.com\/wp-content\/uploads\/2023\/08\/elena-poniatowska-y-embajadora-maria-isabel-castillo-5.jpg\" class=\"attachment-2048x2048 size-2048x2048 wp-image-3112\" alt=\"\" srcset=\"https:\/\/ponchomoradofilms.com\/wp-content\/uploads\/2023\/08\/elena-poniatowska-y-embajadora-maria-isabel-castillo-5.jpg 1280w, https:\/\/ponchomoradofilms.com\/wp-content\/uploads\/2023\/08\/elena-poniatowska-y-embajadora-maria-isabel-castillo-5-300x225.jpg 300w, https:\/\/ponchomoradofilms.com\/wp-content\/uploads\/2023\/08\/elena-poniatowska-y-embajadora-maria-isabel-castillo-5-1024x768.jpg 1024w, https:\/\/ponchomoradofilms.com\/wp-content\/uploads\/2023\/08\/elena-poniatowska-y-embajadora-maria-isabel-castillo-5-768x576.jpg 768w\" sizes=\"(max-width: 1280px) 100vw, 1280px\" \/>\t\t\t\t\t\t\t\t\t\t\t\t\t\t\t<\/div>\n\t\t\t\t<\/div>\n\t\t\t\t<div class=\"elementor-element elementor-element-634133a elementor-widget__width-initial elementor-widget-mobile__width-initial elementor-widget elementor-widget-image\" data-id=\"634133a\" data-element_type=\"widget\" data-e-type=\"widget\" data-widget_type=\"image.default\">\n\t\t\t\t<div class=\"elementor-widget-container\">\n\t\t\t\t\t\t\t\t\t\t\t\t\t\t\t<img decoding=\"async\" width=\"1024\" height=\"768\" src=\"https:\/\/ponchomoradofilms.com\/wp-content\/uploads\/2023\/08\/angelica-noboa-pagan-11-1024x768.jpg\" class=\"attachment-large size-large wp-image-3108\" alt=\"\" srcset=\"https:\/\/ponchomoradofilms.com\/wp-content\/uploads\/2023\/08\/angelica-noboa-pagan-11-1024x768.jpg 1024w, https:\/\/ponchomoradofilms.com\/wp-content\/uploads\/2023\/08\/angelica-noboa-pagan-11-300x225.jpg 300w, https:\/\/ponchomoradofilms.com\/wp-content\/uploads\/2023\/08\/angelica-noboa-pagan-11-768x576.jpg 768w, https:\/\/ponchomoradofilms.com\/wp-content\/uploads\/2023\/08\/angelica-noboa-pagan-11-1536x1152.jpg 1536w, https:\/\/ponchomoradofilms.com\/wp-content\/uploads\/2023\/08\/angelica-noboa-pagan-11.jpg 1600w\" sizes=\"(max-width: 1024px) 100vw, 1024px\" \/>\t\t\t\t\t\t\t\t\t\t\t\t\t\t\t<\/div>\n\t\t\t\t<\/div>\n\t\t\t\t<div class=\"elementor-element elementor-element-82815fa elementor-widget elementor-widget-text-editor\" data-id=\"82815fa\" data-element_type=\"widget\" data-e-type=\"widget\" data-widget_type=\"text-editor.default\">\n\t\t\t\t<div class=\"elementor-widget-container\">\n\t\t\t\t\t\t\t\t\t<p>La embajadora Castillo inform\u00f3 que con motivo de la fiesta de Independencia Dominicana habr\u00e1 un festival pr\u00f3ximo a anunciarse sobre cine dominicano en Ciudad M\u00e9xico en el que ser\u00e1 exhibido de nuevo el documental escrito y dirigido por Noboa Pag\u00e1n.<\/p><p>\u00a0<\/p><p>El documental, un mediometraje, muestra facetas de la prestigiosa periodista y laureada escritora mexicana, de ascendencia polaca y francesa, Elena Poniatowska.<\/p><p>\u00a0<\/p><p>Noboa Pag\u00e1n dijo a reporteros de Acento.com.do, portal del cual ella es articulista, que a la escritora y periodista Elena Poniatowska le encant\u00f3 el documental, al igual que a su hijo, el cineasta Felipe Haro Poniatowski (as\u00ed con &#8220;i&#8221;), director de la Fundaci\u00f3n Poniatowska.<\/p><p>\u00a0<\/p><p>Hay expectativas ante el anuncio de la exhibici\u00f3n del documental en la Rep\u00fablica Dominicana el 27 de febrero, en un estreno especial en Acento TV, a las 8 de la noche.<\/p>\t\t\t\t\t\t\t\t<\/div>\n\t\t\t\t<\/div>\n\t\t\t\t\t<\/div>\n\t\t<\/div>\n\t\t\t\t<div class=\"elementor-column elementor-col-50 elementor-top-column elementor-element elementor-element-c435824\" data-id=\"c435824\" data-element_type=\"column\" data-e-type=\"column\">\n\t\t\t<div class=\"elementor-widget-wrap elementor-element-populated\">\n\t\t\t\t\t\t<div class=\"elementor-element elementor-element-b9ebcb1 elementor-widget__width-initial elementor-widget elementor-widget-text-editor\" data-id=\"b9ebcb1\" data-element_type=\"widget\" data-e-type=\"widget\" data-widget_type=\"text-editor.default\">\n\t\t\t\t<div class=\"elementor-widget-container\">\n\t\t\t\t\t\t\t\t\t<p>El documental &#8220;Carta Malva: Poniatowska y Dominicana Conversan&#8221;, de la abogada, escritora y cineasta dominicana Ang\u00e9lica Noboa Pag\u00e1n, fue exhibido en la sede de la Embajada Dominicana en M\u00e9xico, gracias a la invitaci\u00f3n de la embajadora Mar\u00eda Isabel Castillo.<\/p><p>Luego de la premier, Elena y su hijo Felipe invitaron a Ang\u00e9lica Noboa a viajar a M\u00e9xico para, m\u00e1s adelante, tambi\u00e9n mostrar el documental en la fundaci\u00f3n Poniatowska.<\/p><p>\u00a0<\/p><p>El coproductor del documental, el cineasta dominicano Ian Felipe Rodriguez, entreg\u00f3 el documental a la embajadora de la Rep\u00fablica Dominicana en M\u00e9xico, se\u00f1ora Mar\u00eda Isabel Castillo, y a la Fundaci\u00f3n Poniatowska.<\/p><p>\u00a0<\/p><p>Ang\u00e9lica Noboa Pag\u00e1n particip\u00f3 de la premier a distancia, v\u00eda videoconferencia desde la Sala Empat\u00eda de Spirit Coworking Services, en Santo Domingo.<\/p><p>\u00a0<\/p>\t\t\t\t\t\t\t\t<\/div>\n\t\t\t\t<\/div>\n\t\t\t\t<div class=\"elementor-element elementor-element-c2c5de3 elementor-widget__width-initial elementor-widget elementor-widget-image\" data-id=\"c2c5de3\" data-element_type=\"widget\" data-e-type=\"widget\" data-widget_type=\"image.default\">\n\t\t\t\t<div class=\"elementor-widget-container\">\n\t\t\t\t\t\t\t\t\t\t\t\t\t\t\t<img loading=\"lazy\" decoding=\"async\" width=\"1024\" height=\"1024\" src=\"https:\/\/ponchomoradofilms.com\/wp-content\/uploads\/2023\/08\/carta-malva-2-1-1024x1024.jpg\" class=\"attachment-large size-large wp-image-3109\" alt=\"\" srcset=\"https:\/\/ponchomoradofilms.com\/wp-content\/uploads\/2023\/08\/carta-malva-2-1-1024x1024.jpg 1024w, https:\/\/ponchomoradofilms.com\/wp-content\/uploads\/2023\/08\/carta-malva-2-1-300x300.jpg 300w, https:\/\/ponchomoradofilms.com\/wp-content\/uploads\/2023\/08\/carta-malva-2-1-150x150.jpg 150w, https:\/\/ponchomoradofilms.com\/wp-content\/uploads\/2023\/08\/carta-malva-2-1-768x768.jpg 768w, https:\/\/ponchomoradofilms.com\/wp-content\/uploads\/2023\/08\/carta-malva-2-1-1536x1536.jpg 1536w, https:\/\/ponchomoradofilms.com\/wp-content\/uploads\/2023\/08\/carta-malva-2-1.jpg 2000w\" sizes=\"(max-width: 1024px) 100vw, 1024px\" \/>\t\t\t\t\t\t\t\t\t\t\t\t\t\t\t<\/div>\n\t\t\t\t<\/div>\n\t\t\t\t<div class=\"elementor-element elementor-element-12ec365 elementor-widget__width-initial elementor-widget elementor-widget-image\" data-id=\"12ec365\" data-element_type=\"widget\" data-e-type=\"widget\" data-widget_type=\"image.default\">\n\t\t\t\t<div class=\"elementor-widget-container\">\n\t\t\t\t\t\t\t\t\t\t\t\t\t\t\t<img loading=\"lazy\" decoding=\"async\" width=\"1024\" height=\"768\" src=\"https:\/\/ponchomoradofilms.com\/wp-content\/uploads\/2023\/08\/elena-poniatowska-y-embajadora-maria-isabel-castillo-9-1024x768.jpg\" class=\"attachment-large size-large wp-image-3114\" alt=\"\" srcset=\"https:\/\/ponchomoradofilms.com\/wp-content\/uploads\/2023\/08\/elena-poniatowska-y-embajadora-maria-isabel-castillo-9-1024x768.jpg 1024w, https:\/\/ponchomoradofilms.com\/wp-content\/uploads\/2023\/08\/elena-poniatowska-y-embajadora-maria-isabel-castillo-9-300x225.jpg 300w, https:\/\/ponchomoradofilms.com\/wp-content\/uploads\/2023\/08\/elena-poniatowska-y-embajadora-maria-isabel-castillo-9-768x576.jpg 768w, https:\/\/ponchomoradofilms.com\/wp-content\/uploads\/2023\/08\/elena-poniatowska-y-embajadora-maria-isabel-castillo-9.jpg 1280w\" sizes=\"(max-width: 1024px) 100vw, 1024px\" \/>\t\t\t\t\t\t\t\t\t\t\t\t\t\t\t<\/div>\n\t\t\t\t<\/div>\n\t\t\t\t<div class=\"elementor-element elementor-element-48785ea elementor-widget__width-initial elementor-widget elementor-widget-image\" data-id=\"48785ea\" data-element_type=\"widget\" data-e-type=\"widget\" data-widget_type=\"image.default\">\n\t\t\t\t<div class=\"elementor-widget-container\">\n\t\t\t\t\t\t\t\t\t\t\t\t\t\t\t<img loading=\"lazy\" decoding=\"async\" width=\"1024\" height=\"768\" src=\"https:\/\/ponchomoradofilms.com\/wp-content\/uploads\/2023\/08\/elena-poniatowska-y-embajadora-maria-isabel-castillo-4-1024x768.jpg\" class=\"attachment-large size-large wp-image-3111\" alt=\"\" srcset=\"https:\/\/ponchomoradofilms.com\/wp-content\/uploads\/2023\/08\/elena-poniatowska-y-embajadora-maria-isabel-castillo-4-1024x768.jpg 1024w, https:\/\/ponchomoradofilms.com\/wp-content\/uploads\/2023\/08\/elena-poniatowska-y-embajadora-maria-isabel-castillo-4-300x225.jpg 300w, https:\/\/ponchomoradofilms.com\/wp-content\/uploads\/2023\/08\/elena-poniatowska-y-embajadora-maria-isabel-castillo-4-768x576.jpg 768w, https:\/\/ponchomoradofilms.com\/wp-content\/uploads\/2023\/08\/elena-poniatowska-y-embajadora-maria-isabel-castillo-4.jpg 1280w\" sizes=\"(max-width: 1024px) 100vw, 1024px\" \/>\t\t\t\t\t\t\t\t\t\t\t\t\t\t\t<\/div>\n\t\t\t\t<\/div>\n\t\t\t\t<div class=\"elementor-element elementor-element-193eacd elementor-widget__width-initial elementor-widget elementor-widget-image\" data-id=\"193eacd\" data-element_type=\"widget\" data-e-type=\"widget\" data-widget_type=\"image.default\">\n\t\t\t\t<div class=\"elementor-widget-container\">\n\t\t\t\t\t\t\t\t\t\t\t\t\t\t\t<img loading=\"lazy\" decoding=\"async\" width=\"1024\" height=\"768\" src=\"https:\/\/ponchomoradofilms.com\/wp-content\/uploads\/2023\/08\/elena-poniatowska-y-embajadora-maria-isabel-castillo-7-1024x768.jpg\" class=\"attachment-large size-large wp-image-3113\" alt=\"\" srcset=\"https:\/\/ponchomoradofilms.com\/wp-content\/uploads\/2023\/08\/elena-poniatowska-y-embajadora-maria-isabel-castillo-7-1024x768.jpg 1024w, https:\/\/ponchomoradofilms.com\/wp-content\/uploads\/2023\/08\/elena-poniatowska-y-embajadora-maria-isabel-castillo-7-300x225.jpg 300w, https:\/\/ponchomoradofilms.com\/wp-content\/uploads\/2023\/08\/elena-poniatowska-y-embajadora-maria-isabel-castillo-7-768x576.jpg 768w, https:\/\/ponchomoradofilms.com\/wp-content\/uploads\/2023\/08\/elena-poniatowska-y-embajadora-maria-isabel-castillo-7.jpg 1280w\" sizes=\"(max-width: 1024px) 100vw, 1024px\" \/>\t\t\t\t\t\t\t\t\t\t\t\t\t\t\t<\/div>\n\t\t\t\t<\/div>\n\t\t\t\t<div class=\"elementor-element elementor-element-b754801 elementor-align-right elementor-widget__width-initial elementor-widget-mobile__width-initial elementor-widget elementor-widget-button\" data-id=\"b754801\" data-element_type=\"widget\" data-e-type=\"widget\" data-widget_type=\"button.default\">\n\t\t\t\t<div class=\"elementor-widget-container\">\n\t\t\t\t\t\t\t\t\t<div class=\"elementor-button-wrapper\">\n\t\t\t\t\t<a class=\"elementor-button elementor-button-link elementor-size-sm elementor-animation-shrink\" href=\"https:\/\/ponchomoradofilms.com\/\">\n\t\t\t\t\t\t<span class=\"elementor-button-content-wrapper\">\n\t\t\t\t\t\t\t\t\t<span class=\"elementor-button-text\">Regresar<\/span>\n\t\t\t\t\t<\/span>\n\t\t\t\t\t<\/a>\n\t\t\t\t<\/div>\n\t\t\t\t\t\t\t\t<\/div>\n\t\t\t\t<\/div>\n\t\t\t\t<div class=\"elementor-element elementor-element-e91fbec elementor-align-right elementor-widget__width-initial elementor-mobile-align-center elementor-widget-mobile__width-initial elementor-widget elementor-widget-button\" data-id=\"e91fbec\" data-element_type=\"widget\" data-e-type=\"widget\" data-widget_type=\"button.default\">\n\t\t\t\t<div class=\"elementor-widget-container\">\n\t\t\t\t\t\t\t\t\t<div class=\"elementor-button-wrapper\">\n\t\t\t\t\t<a class=\"elementor-button elementor-button-link elementor-size-sm elementor-animation-shrink\" href=\"https:\/\/ponchomoradofilms.com\/index.php\/noticia-03\/\">\n\t\t\t\t\t\t<span class=\"elementor-button-content-wrapper\">\n\t\t\t\t\t\t\t\t\t<span class=\"elementor-button-text\">Siguiente<\/span>\n\t\t\t\t\t<\/span>\n\t\t\t\t\t<\/a>\n\t\t\t\t<\/div>\n\t\t\t\t\t\t\t\t<\/div>\n\t\t\t\t<\/div>\n\t\t\t\t\t<\/div>\n\t\t<\/div>\n\t\t\t\t\t<\/div>\n\t\t<\/section>\n\t\t\t\t<\/div>\n\t\t","protected":false},"excerpt":{"rendered":"<p>Premier del documental &#8220;Carta Malva: Poniatowska y Dominicana Conversan&#8221;, en M\u00e9xico REGRESAR Siguiente Noticia La embajadora Castillo inform\u00f3 que con motivo de la fiesta de Independencia Dominicana habr\u00e1 un festival pr\u00f3ximo a anunciarse sobre cine dominicano en Ciudad M\u00e9xico en el que ser\u00e1 exhibido de nuevo el documental escrito y dirigido por Noboa Pag\u00e1n. \u00a0 &hellip;<\/p>\n<p class=\"read-more\"> <a class=\"\" href=\"https:\/\/ponchomoradofilms.com\/index.php\/noticia-02\/\"> <span class=\"screen-reader-text\">Noticia 02<\/span> Read More &raquo;<\/a><\/p>\n","protected":false},"author":1,"featured_media":0,"parent":0,"menu_order":0,"comment_status":"closed","ping_status":"closed","template":"","meta":{"site-sidebar-layout":"no-sidebar","site-content-layout":"page-builder","ast-global-header-display":"","ast-banner-title-visibility":"","ast-main-header-display":"","ast-hfb-above-header-display":"","ast-hfb-below-header-display":"","ast-hfb-mobile-header-display":"","site-post-title":"disabled","ast-breadcrumbs-content":"","ast-featured-img":"disabled","footer-sml-layout":"","theme-transparent-header-meta":"","adv-header-id-meta":"","stick-header-meta":"","header-above-stick-meta":"","header-main-stick-meta":"","header-below-stick-meta":"","footnotes":""},"class_list":["post-3089","page","type-page","status-publish","hentry"],"_links":{"self":[{"href":"https:\/\/ponchomoradofilms.com\/index.php\/wp-json\/wp\/v2\/pages\/3089","targetHints":{"allow":["GET"]}}],"collection":[{"href":"https:\/\/ponchomoradofilms.com\/index.php\/wp-json\/wp\/v2\/pages"}],"about":[{"href":"https:\/\/ponchomoradofilms.com\/index.php\/wp-json\/wp\/v2\/types\/page"}],"author":[{"embeddable":true,"href":"https:\/\/ponchomoradofilms.com\/index.php\/wp-json\/wp\/v2\/users\/1"}],"replies":[{"embeddable":true,"href":"https:\/\/ponchomoradofilms.com\/index.php\/wp-json\/wp\/v2\/comments?post=3089"}],"version-history":[{"count":18,"href":"https:\/\/ponchomoradofilms.com\/index.php\/wp-json\/wp\/v2\/pages\/3089\/revisions"}],"predecessor-version":[{"id":3168,"href":"https:\/\/ponchomoradofilms.com\/index.php\/wp-json\/wp\/v2\/pages\/3089\/revisions\/3168"}],"wp:attachment":[{"href":"https:\/\/ponchomoradofilms.com\/index.php\/wp-json\/wp\/v2\/media?parent=3089"}],"curies":[{"name":"wp","href":"https:\/\/api.w.org\/{rel}","templated":true}]}}